alse
Is 475 a factor of 87499275?
True
Is 10 a factor of 490001110?
True
Is 4 a factor of 313782316?
True
Does 188 divide 123692156?
True
Is 22 a factor of 1784656444?
False
Is 3661477619 a multiple of 312?
False
Is 33461142 a multiple of 22?
True
Does 739 divide 562115916?
True
Is 163340100 a multiple of 12?
True
Is 33 a factor of 92262319?
False
Is 13 a factor of 1554028401?
False
Is 2018319199 a multiple of 426?
False
Is 608774166 a multiple of 13?
True
Does 26 divide 40669074?
False
Is 24293206 a multiple of 2194?
False
Is 2622378120 a multiple of 5844?
True
Is 289 a factor of 1082965654?
True
Is 1776505657 a multiple of 20?
False
Is 172 a factor of 2449452?
True
Does 5 divide 1752025?
True
Is 53 a factor of 239832701?
False
Does 691 divide 56299607?
False
Is 19750620 a multiple of 3?
True
Does 5453 divide 1606164791?
True
Does 86 divide 28962048?
True
Is 3 a factor of 5733240?
True
Is 1785 a factor of 4092324033?
False
Is 305725843 a multiple of 2?
False
Does 512 divide 195094528?
True
Is 13381522 a multiple of 5?
False
Does 4 divide 10291356?
True
Is 1577675831 a multiple of 9?
False
Does 9498 divide 291788058?
True
Is 149360250 a multiple of 750?
True
Is 137874198 a multiple of 21?
True
Does 61 divide 11226951?
False
Does 79 divide 3658174?
True
Is 723691849 a multiple of 9?
False
Is 60914127 a multiple of 72?
False
Is 27360779 a multiple of 3173?
True
Does 1319 divide 6827970?
False
Is 18 a factor of 300266845?
False
Does 28 divide 349612172?
True
Does 153 divide 746702506?
False
Is 258135556 a multiple of 14?
True
Is 227 a factor of 48454342?
False
Is 21152024 a multiple of 4?
True
Is 156 a factor of 56978064?
True
Is 1175 a factor of 1129304054?
False
Does 414 divide 115440588?
True
Does 220 divide 28373021?
False
Is 404321104 a multiple of 4?
True
Is 46036250 a multiple of 130?
True
Is 30163604 a multiple of 6?
False
Does 2 divide 23494269?
False
Is 160 a factor of 1919477557?
False
Is 1081543 a multiple of 71?
True
Is 352197185 a multiple of 42?
False
Is 17 a factor of 260888956?
False
Is 111 a factor of 250278725?
False
Is 2137 a factor of 624114008?
False
Is 71284130 a multiple of 115?
True
Is 1436 a factor of 5275084252?
True
Is 1699 a factor of 197187720?
False
Is 129512390 a multiple of 3710?
True
Does 135 divide 71898165?
True
Does 230 divide 9680240?
True
Is 32351037 a multiple of 87?
True
Does 660 divide 32078066?
False
Is 7850 a factor of 2009352820?
False
Does 13 divide 30735198?
True
Is 652 a factor of 5073212?
True
Is 16927053 a multiple of 143?
True
Does 20 divide 542420700?
True
Is 187358341 a multiple of 7?
False
Does 50 divide 3767921980?
False
Does 51 divide 5612455?
False
Is 14 a factor of 4350101?
False
Does 297 divide 294542259?
False
Does 19 divide 11486936?
False
Is 648 a factor of 9719753?
False
Is 15888184 a multiple of 13?
True
Is 8 a factor of 27458696?
True
Is 1443 a factor of 7455981?
True
Is 171077053 a multiple of 94?
False
Is 1117361596 a multiple of 12?
False
Is 489278802 a multiple of 51?
True
Is 284076793 a multiple of 143?
True
Is 7 a factor of 56974274?
True
Is 4 a factor of 1522591051?
False
Is 231 a factor of 22606122?
True
Is 36 a factor of 17223918?
False
Is 77882220 a multiple of 1230?
False
Is 188 a factor of 337082?
False
Is 9 a factor of 546489036?
True
Does 1064 divide 729046416?
True
Is 245 a factor of 799557240?
False
Is 140 a factor of 1019095140?
True
Does 9 divide 16306533?
True
Does 18 divide 263648250?
True
Is 19798812 a multiple of 374?
True
Is 32 a factor of 6798144?
True
Does 360 divide 15647040?
True
Does 44 divide 1079257696?
True
Does 857 divide 71314016?
False
Is 4380 a factor of 858576421?
False
Is 1905502145 a multiple of 149?
True
Is 1444 a factor of 1302662975?
False
Is 4268 a factor of 315608743?
False
Does 154 divide 5191186?
True
Does 100 divide 70949092?
False
Does 19 divide 711660219?
True
Is 489 a factor of 102049899?
True
Is 15167203 a multiple of 164?
False
Does 4443 divide 1421603664?
False
Is 419840553 a multiple of 538?
False
Does 783 divide 76979144?
False
Does 710 divide 366161690?
False
Does 69 divide 1220680?
False
Does 38 divide 37816004?
True
Is 9 a factor of 41531727?
False
Is 157483869 a multiple of 89?
False
Is 23772876 a multiple of 61?
False
Does 79 divide 361368359?
False
Does 48 divide 583021?
False
Is 11 a factor of 956032?
True
Is 57 a factor of 624256184?
False
Is 24 a factor of 22572943?
False
Is 645824100 a multiple of 3170?
True
Does 123 divide 596168814?
False
Is 499997253 a multiple of 21?
True
Is 431550725 a multiple of 23?
True
Does 131 divide 118635303?
True
Does 243 divide 6008403?
False
Is 87953470 a multiple of 19?
True
Does 11 divide 5390132?
True
Does 440 divide 75606080?
True
Is 2567 a factor of 2207462906?
False
Is 93970968 a multiple of 312?
True
Is 6646975 a multiple of 5?
True
Is 1566 a factor of 1044522000?
True
Is 116 a factor of 310335771?
False
Is 11442729 a multiple of 201?
True
Does 42 divide 87588154?
False
Is 3259544415 a multiple of 15?
True
Is 16 a factor of 14678832?
True
Is 12 a factor of 258475458?
False
Does 56 divide 101118457?
False
Does 1237 divide 36367800?
True
Is 1769 a factor of 23198666?
True
Does 172 divide 15227006?
False
Is 1217882074 a multiple of 1411?
True
Is 101 a factor of 180290768?
False
Is 1004 a factor of 5884444?
True
Is 950217125 a multiple of 1625?
True
Does 631 divide 16279169?
True
Is 7 a factor of 4275495?
True
Is 82 a factor of 208342814?
False
Is 189137256 a multiple of 1078?
True
Is 61970299 a multiple of 3695?
False
Is 51 a factor of 110292090?
True
Is 170 a factor of 455781670?
False
Is 137 a factor of 287730414?
True
Is 98 a factor of 22409660?
True
Does 18 divide 34737123?
False
Is 946681630 a multiple of 74?
True
Does 49 divide 528974698?
True
Is 404257620 a multiple of 78?
True
Does 293 divide 18912271?
True
Is 181317017 a multiple of 514?
False
Does 2067 divide 324744303?
True
Is 51 a factor of 190283384?
False
Is 1004 a factor of 857077867?
False
Does 2567 divide 347993736?
False
Is 232084905 a multiple of 1693?
True
Is 243177114 a multiple of 177?
True
Is 567780057 a multiple of 1971?
True
Is 54209080 a multiple of 4?
True
Does 4802 divide 104784442?
True
Is 11 a factor of 140901003?
False
Is 150607395 a multiple of 15?
True
Is 12 a factor of 582741337?
False
Does 3 divide 934106?
False
Is 44325149 a multiple of 87?
False
Is 18 a factor of 112136742?
True
Is 27415269 a multiple of 586?
False
Is 36 a factor of 174492180?
True
Is 285779743 a multiple of 19?
False
Is 143 a factor of 3260595052?
True
Is 18 a factor of 927161928?
True
Is 7905440 a multiple of 70?
False
Does 646 divide 74643362?
True
Is 5496 a factor of 8244000?
True
Is 348307872 a multiple of 2316?
True
Does 212 divide 1330085880?
True
Does 1307 divide 1340822546?
True
Is 165 a factor of 520137420?
True
Is 39 a factor of 66854307?
True
Does 12 divide 4020389448?
True
Is 23493738 a multiple of 258?
True
Does 264 divide 464419824?
True
Does 295 divide 933330735?
True
Does 10 divide 22033955?
False
Is 761 a factor of 149385033?
False
Is 1476538019 a multiple of 11?
True
Is 39 a factor of 28909702?
False
Is 82399158 a multiple of 10?
False
Does 53 divide 347763968?
False
Does 496 divide 351033682?
False
Is 44 a factor of 38959191?
False
Is 59 a factor of 38405520?
False
Is 135 a factor of 5928525?
True
Does 680 divide 1628927522?
False
Is 51 a factor of 2263176?
True
Is 26454610 a multiple of 7?
True
Does 188 divide 41738632?
True
Does 88 divide 5920376?
True
Is 33388718 a multiple of 1383?
False
Is 160125194 a multiple of 1281?
False
Does 22 divide 1240729292?
True
Does 25 divide 1948141202?
False
Is 98702760 a multiple of 780?
True
Is 32040008 a multiple of 206?
False
Is 3166765848 a multiple of 6330?
False
Is 5058260 a multiple of 45?
False
Is 13 a factor of 480401442?
False
Does 69 divide 18898479?
True
Is 2 a factor of 6045519?
False
Is 895 a factor of 1455724848?
False
Does 288 divide 13938946?
False
Is 299359368 a multiple of 693?
True
Does 1586 divide 152435005?
False
Does 220 divide 60947480?
True
Is 151702952 a multiple of 1486?
False
Is 43729407 a multiple of 3?
True
Is 340 a factor of 164282782?
False
Does 15 divide 1771500015?
True
Does 120 divide 39883080?
True
Does 27 divide 54232173?
True
Does 88